 divided by 966.
486
Calculate the remainder when 303 is divided by 57.
18
What is the remainder when 9033 is divided by 8987?
46
Calculate the remainder when 4440 is divided by 2120.
200
Calculate the remainder when 55839 is divided by 2.
1
Calculate the remainder when 65965 is divided by 32971.
23
What is the remainder when 2452 is divided by 22?
10
What is the remainder when 3024 is divided by 961?
141
Calculate the remainder when 9122 is divided by 16.
2
Calculate the remainder when 88895 is divided by 32.
31
Calculate the remainder when 7162 is divided by 44.
34
What is the remainder when 27926 is divided by 49?
45
Calculate the remainder when 424096 is divided by 23.
22
Calculate the remainder when 10049 is divided by 22.
17
What is the remainder when 18178 is divided by 94?
36
What is the remainder when 2692 is divided by 165?
52
What is the remainder when 52870 is divided by 452?
438
What is the remainder when 6769 is divided by 109?
11
What is the remainder when 1834603 is divided by 17?
14
Calculate the remainder when 171453 is divided by 1618.
1563
What is the remainder when 54575 is divided by 20?
15
What is the remainder when 20699 is divided by 94?
19
Calculate the remainder when 14350 is divided by 114.
100
What is the remainder when 62745 is divided by 996?
993
Calculate the remainder when 996599 is divided by 51.
8
What is the remainder when 2218 is divided by 98?
62
What is the remainder when 1021 is divided by 513?
508
Calculate the remainder when 3083 is divided by 156.
119
Calculate the remainder when 1473516 is divided by 646.
636
Calculate the remainder when 3424 is divided by 448.
288
Calculate the remainder when 529304 is divided by 468.
464
What is the remainder when 120275 is divided by 12?
11
Calculate the remainder when 272151 is divided by 119.
117
What is the remainder when 1124136 is divided by 20?
16
What is the remainder when 141170 is divided by 1371?
1328
What is the remainder when 15502 is divided by 397?
19
Calculate the remainder when 12095 is divided by 404.
379
Calculate the remainder when 2093 is divided by 115.
23
Calculate the remainder when 1075 is divided by 40.
35
Calculate the remainder when 2390 is divided by 126.
122
Calculate the remainder when 33810 is divided by 344.
98
What is the remainder when 7938 is divided by 1155?
1008
What is the remainder when 405503 is divided by 29?
25
What is the remainder when 124 is divided by 112?
12
Calculate the remainder when 8154 is divided by 22.
14
What is the remainder when 21472 is divided by 7015?
427
What is the remainder when 129331 is divided by 102?
97
What is the remainder when 6468 is divided by 29?
1
Calculate the remainder when 254770 is divided by 611.
594
Calculate the remainder when 16904 is divided by 161.
160
What is the remainder when 127962 is divided by 42652?
6
What is the remainder when 293141 is divided by 366?
341
What is the remainder when 100097 is divided by 100?
97
What is the remainder when 3726183 is divided by 253?
252
Calculate the remainder when 5562 is divided by 692.
26
Calculate the remainder when 32716 is divided by 544.
76
Calculate the remainder when 63110 is divided by 2178.
2126
Calculate the remainder when 34797 is divided by 2485.
7
What is the remainder when 518887 is divided by 1880?
7
Calculate the remainder when 8273 is divided by 50.
23
What is the remainder when 47956 is divided by 26?
12
What is the remainder when 14446 is divided by 166?
4
Calculate the remainder when 9912 is divided by 52.
32
Calculate the remainder when 288914 is divided by 255.
254
What is the remainder when 2515 is divided by 146?
33
What is the remainder when 1570687 is divided by 31?
10
Calculate the remainder when 486747 is divided by 33.
30
What is the remainder when 1074 is divided by 480?
114
What is the remainder when 125778 is divided by 8385?
3
What is the remainder when 2482973 is divided by 117?
116
What is the remainder when 4358 is divided by 109?
107
Calculate the remainder when 1015 is divided by 61.
39
Calculate the remainder when 264683 is divided by 23.
22
Calculate the remainder when 4034 is divided by 109.
1
What is the remainder when 22329 is divided by 11158?
13
What is the remainder when 4644 is divided by 629?
241
What is the remainder when 17256 is divided by 8627?
2
What is the remainder when 756029 is divided by 32?
29
Calculate the remainder when 21443 is divided by 1129.
1121
Calculate the remainder when 8993 is divided by 17.
0
Calculate the remainder when 41827 is divided by 83.
78
Calculate the remainder when 29808 is divided by 22.
20
Calculate the remainder when 46274 is divided by 534.
350
What is the remainder when 233977 is divided by 1238?
1233
What is the remainder when 80434 is divided by 94?
64
Calculate the remainder when 60160 is divided by 37.
35
Calculate the remainder when 3320031 is divided by 272.
271
What is the remainder when 16926 is divided by 24?
6
Calculate the remainder when 20894 is divided by 6958.
20
Calculate the remainder when 776547 is divided by 3788.
7
What is the remainder when 14549 is divided by 486?
455
Calculate the remainder when 3461 is divided by 115.
11
Calculate the remainder when 498687 is divided by 166228.
3
Calculate the remainder when 66677 is divided by 717.
713
What is the remainder when 58424 is divided by 57?
56
Calculate the remainder when 671 is divided by 166.
7
What is the remainder when 9496 is divided by 1396?
1120
What is the remainder when 37244 is divided by 119?
116
Calculate the remainder when 222593 is divided by 11.
8
Calculate the remainder when 1337 is divided by 665.
7
What is the remainder when 22055 is divided by 538?
535
Calculate the remainder when 402000 is divided by 567.
564
Calculate the remainder when 31001 is divided by 147.
131
Calculate the remainder when 84354 is divided by 15.
9
What is the remainder when 2704 is divided by 160?
144
Calculate the remainder when 12500 is divided by 4158.
26
What is the remainder when 1459 is divided by 305?
239
What is the remainder when 1212 is divided by 62?
34
Calculate the remainder when 5200 is divided by 196.
104
Calculate the remainder when 1775 is divided by 74.
73
Calculate the remainder when 428 is divided by 258.
170
Calculate the remainder when 7453014 is divided by 155.
149
What is the remainder when 169060 is divided by 904?
12
What is the remainder when 3207167 is divided by 174?
173
What is the remainder when 137979 is divided by 13?
10
What is the remainder when 994 is divided by 26?
6
What is the remainder when 29961 is divided by 232?
33
What is the remainder when 4359 is divided by 2169?
21
What is the remainder when 11376 is divided by 1559?
463
What is the remainder when 23582 is divided by 733?
126
Calculate the remainder when 6464 is divided by 296.
248
What is the remainder when 4587 is divided by 1564?
1459
Calculate the remainder when 645734 is divided by 15.
14
What is the remainder when 29579 is divided by 13?
4
Calculate the remainder when 11032 is divided by 809.
515
What is the remainder when 150511 is divided by 150492?
19
What is the remainder when 29680 is divided by 181?
177
What is the remainder when 8961 is divided by 4467?
27
What is the remainder when 12424 is divided by 485?
299
What is the remainder when 16118 is divided by 215?
208
What is the remainder when 7928 is divided by 3909?
110
What is the remainder when 48847 is divided by 10?
7
What is the remainder when 816042 is divided by 75?
42
Calculate the remainder when 957261 is divided by 319087.
0
What is the remainder when 8666 is divided by 2767?
365
Calculate the remainder when 2238 is divided by 599.
441
What is the remainder when 31065 is divided by 2071?
0
Calculate the remainder when 589 is divided by 247.
95
Calculate the remainder when 48975 is divided by 16324.
3
What is the remainder when 861977 is divided by 621?
29
Calculate the remainder when 10372 is divided by 4654.
1064
What is the remainder when 340958 is divided by 80?
78
Calculate the remainder when 655 is divided by 137.
107
What is the remainder when 2851 is divided by 2272?
579
Calculate the remainder when 168234 is divided by 307.
305
What is the remainder when 644247 is divided by 15339?
9
What is the remainder when 